{"id":178,"date":"2020-10-11T22:38:20","date_gmt":"2020-10-11T22:38:20","guid":{"rendered":"http:\/\/ceipsanfranciscocajar.es\/?page_id=178"},"modified":"2020-10-12T08:57:48","modified_gmt":"2020-10-12T08:57:48","slug":"secretaria","status":"publish","type":"page","link":"https:\/\/ceipsanfranciscocajar.es\/index.php\/secretaria\/","title":{"rendered":"Secretar\u00eda"},"content":{"rendered":"\t\t<div data-elementor-type=\"wp-page\" data-elementor-id=\"178\" class=\"elementor elementor-178\" data-elementor-settings=\"[]\">\n\t\t\t\t\t\t<div class=\"elementor-inner\">\n\t\t\t\t\t\t\t<div class=\"elementor-section-wrap\">\n\t\t\t\t\t\t\t<section class=\"elementor-section elementor-top-section elementor-element elementor-element-f06981a elementor-section-boxed elementor-section-height-default elementor-section-height-default elementor-invisible\" data-id=\"f06981a\" data-element_type=\"section\" data-settings=\"{&quot;animation&quot;:&quot;slideInLeft&quot;}\">\n\t\t\t\t\t\t<div class=\"elementor-container elementor-column-gap-default\">\n\t\t\t\t\t\t\t<div class=\"elementor-row\">\n\t\t\t\t\t<div class=\"elementor-column elementor-col-100 elementor-top-column elementor-element elementor-element-38e71ad\" data-id=\"38e71ad\" data-element_type=\"column\">\n\t\t\t<div class=\"elementor-column-wrap elementor-element-populated\">\n\t\t\t\t\t\t\t<div class=\"elementor-widget-wrap\">\n\t\t\t\t\t\t<section class=\"elementor-section elementor-inner-section elementor-element elementor-element-a1736cd elementor-section-boxed elementor-section-height-default elementor-section-height-default\" data-id=\"a1736cd\" data-element_type=\"section\" data-settings=\"{&quot;background_background&quot;:&quot;classic&quot;}\">\n\t\t\t\t\t\t<div class=\"elementor-container elementor-column-gap-default\">\n\t\t\t\t\t\t\t<div class=\"elementor-row\">\n\t\t\t\t\t<div class=\"elementor-column elementor-col-50 elementor-inner-column elementor-element elementor-element-66bcd1f\" data-id=\"66bcd1f\" data-element_type=\"column\">\n\t\t\t<div class=\"elementor-column-wrap elementor-element-populated\">\n\t\t\t\t\t\t\t<div class=\"elementor-widget-wrap\">\n\t\t\t\t\t\t<div class=\"elementor-element elementor-element-71ca474 elementor-view-default elementor-invisible elementor-widget elementor-widget-icon\" data-id=\"71ca474\" data-element_type=\"widget\" data-settings=\"{&quot;_animation&quot;:&quot;fadeIn&quot;}\" data-widget_type=\"icon.default\">\n\t\t\t\t<div class=\"elementor-widget-container\">\n\t\t\t\t\t<div class=\"elementor-icon-wrapper\">\n\t\t\t<div class=\"elementor-icon\">\n\t\t\t<i aria-hidden=\"true\" class=\"far fa-clock\"><\/i>\t\t\t<\/div>\n\t\t<\/div>\n\t\t\t\t<\/div>\n\t\t\t\t<\/div>\n\t\t\t\t\t\t<\/div>\n\t\t\t\t\t<\/div>\n\t\t<\/div>\n\t\t\t\t<div class=\"elementor-column elementor-col-50 elementor-inner-column elementor-element elementor-element-b64cc8e\" data-id=\"b64cc8e\" data-element_type=\"column\">\n\t\t\t<div class=\"elementor-column-wrap elementor-element-populated\">\n\t\t\t\t\t\t\t<div class=\"elementor-widget-wrap\">\n\t\t\t\t\t\t<div class=\"elementor-element elementor-element-eccf4a4 elementor-widget elementor-widget-heading\" data-id=\"eccf4a4\" data-element_type=\"widget\" data-widget_type=\"heading.default\">\n\t\t\t\t<div class=\"elementor-widget-container\">\n\t\t\t<h2 class=\"elementor-heading-title elementor-size-default\">Horario de lunes a viernes de 9:15 a 13:30<\/h2>\t\t<\/div>\n\t\t\t\t<\/div>\n\t\t\t\t\t\t<\/div>\n\t\t\t\t\t<\/div>\n\t\t<\/div>\n\t\t\t\t\t\t\t\t<\/div>\n\t\t\t\t\t<\/div>\n\t\t<\/section>\n\t\t\t\t\t\t<\/div>\n\t\t\t\t\t<\/div>\n\t\t<\/div>\n\t\t\t\t\t\t\t\t<\/div>\n\t\t\t\t\t<\/div>\n\t\t<\/section>\n\t\t\t\t<section class=\"elementor-section elementor-top-section elementor-element elementor-element-5a34ccf elementor-section-boxed elementor-section-height-default elementor-section-height-default\" data-id=\"5a34ccf\" data-element_type=\"section\">\n\t\t\t\t\t\t<div class=\"elementor-container elementor-column-gap-default\">\n\t\t\t\t\t\t\t<div class=\"elementor-row\">\n\t\t\t\t\t<div class=\"elementor-column elementor-col-100 elementor-top-column elementor-element elementor-element-689fbd1\" data-id=\"689fbd1\" data-element_type=\"column\">\n\t\t\t<div class=\"elementor-column-wrap elementor-element-populated\">\n\t\t\t\t\t\t\t<div class=\"elementor-widget-wrap\">\n\t\t\t\t\t\t<div class=\"elementor-element elementor-element-4b298af elementor-tabs-view-horizontal elementor-widget elementor-widget-tabs\" data-id=\"4b298af\" data-element_type=\"widget\" data-widget_type=\"tabs.default\">\n\t\t\t\t<div class=\"elementor-widget-container\">\n\t\t\t\t\t<div class=\"elementor-tabs\" role=\"tablist\">\n\t\t\t<div class=\"elementor-tabs-wrapper\">\n\t\t\t\t\t\t\t\t\t<div id=\"elementor-tab-title-7881\" class=\"elementor-tab-title elementor-tab-desktop-title\" data-tab=\"1\" role=\"tab\" aria-controls=\"elementor-tab-content-7881\"><a href=\"\">Matriculaci\u00f3n<\/a><\/div>\n\t\t\t\t\t\t\t\t\t<div id=\"elementor-tab-title-7882\" class=\"elementor-tab-title elementor-tab-desktop-title\" data-tab=\"2\" role=\"tab\" aria-controls=\"elementor-tab-content-7882\"><a href=\"\">Anexo bonificaci\u00f3n PAF<\/a><\/div>\n\t\t\t\t\t\t\t<\/div>\n\t\t\t<div class=\"elementor-tabs-content-wrapper\">\n\t\t\t\t\t\t\t\t\t<div class=\"elementor-tab-title elementor-tab-mobile-title\" data-tab=\"1\" role=\"tab\">Matriculaci\u00f3n<\/div>\n\t\t\t\t\t<div id=\"elementor-tab-content-7881\" class=\"elementor-tab-content elementor-clearfix\" data-tab=\"1\" role=\"tabpanel\" aria-labelledby=\"elementor-tab-title-7881\"><p><a href=\"https:\/\/ceipsanfranciscocajar.es\/wp-content\/uploads\/2020\/10\/matricula-infantil.pdf\" target=\"_blank\" rel=\"noopener\">Matr\u00edcula infantil<\/a><\/p><p><a href=\"https:\/\/ceipsanfranciscocajar.es\/wp-content\/uploads\/2020\/10\/matricula-primaria.pdf\" target=\"_blank\" rel=\"noopener\">Matr\u00edcula primaria<\/a><\/p><p><a href=\"https:\/\/ceipsanfranciscocajar.es\/wp-content\/uploads\/2020\/10\/FICHA-PERSONAL-DEL-ALUMNO-.pdf\" target=\"_blank\" rel=\"noopener\">Ficha personal del alumno\/a<\/a><\/p><p><a href=\"https:\/\/ceipsanfranciscocajar.es\/wp-content\/uploads\/2020\/10\/solicitud-PAF.pdf\" target=\"_blank\" rel=\"noopener\">Solicitud PAF<\/a><\/p><p><a href=\"https:\/\/ceipsanfranciscocajar.es\/wp-content\/uploads\/2020\/10\/transporte.pdf\" target=\"_blank\" rel=\"noopener\">Transporte<\/a><\/p><\/div>\n\t\t\t\t\t\t\t\t\t<div class=\"elementor-tab-title elementor-tab-mobile-title\" data-tab=\"2\" role=\"tab\">Anexo bonificaci\u00f3n PAF<\/div>\n\t\t\t\t\t<div id=\"elementor-tab-content-7882\" class=\"elementor-tab-content elementor-clearfix\" data-tab=\"2\" role=\"tabpanel\" aria-labelledby=\"elementor-tab-title-7882\"><p>El plazo de presentaci\u00f3n es del 1 al 8 de septiembre en la secretar\u00eda del centro o por correo. Les recomendamos que la realicen de manera telem\u00e1tica, accediendo desde este enlace a la\u00a0<a href=\"https:\/\/www.juntadeandalucia.es\/educacion\/secretariavirtual\/accesoTramite\/381\/\">Secretar\u00eda Virtual de los Centros andaluces.<\/a><\/p><p><a href=\"https:\/\/ceipsanfranciscocajar.es\/wp-content\/uploads\/2020\/10\/Anexo_V_Solicitud_de_bonificacion_AM_CE_y_AAEX.pdf\" target=\"_blank\" rel=\"noopener\">Anexo solicitud de bonificaci\u00f3n (PDF rellenable)<\/a><\/p><\/div>\n\t\t\t\t\t\t\t<\/div>\n\t\t<\/div>\n\t\t\t\t<\/div>\n\t\t\t\t<\/div>\n\t\t\t\t\t\t<\/div>\n\t\t\t\t\t<\/div>\n\t\t<\/div>\n\t\t\t\t\t\t\t\t<\/div>\n\t\t\t\t\t<\/div>\n\t\t<\/section>\n\t\t\t\t\t\t<\/div>\n\t\t\t\t\t\t<\/div>\n\t\t\t\t\t<\/div>\n\t\t","protected":false},"excerpt":{"rendered":"<p>Horario de lunes a viernes de 9:15 a 13:30 Matriculaci\u00f3n Anexo bonificaci\u00f3n PAF Matriculaci\u00f3n Matr\u00edcula infantil Matr\u00edcula primaria Ficha personal del alumno\/a Solicitud PAF Transporte Anexo bonificaci\u00f3n PAF El plazo de presentaci\u00f3n es del 1 al 8 de septiembre en la secretar\u00eda del centro o por correo. Les recomendamos que la realicen de manera telem\u00e1tica, accediendo desde este enlace a<\/p>\n<p><a class=\"more-link\" href=\"https:\/\/ceipsanfranciscocajar.es\/index.php\/secretaria\/\">Leer m\u00e1s<\/a><\/p>\n","protected":false},"author":1,"featured_media":0,"parent":0,"menu_order":0,"comment_status":"closed","ping_status":"closed","template":"","meta":[],"_links":{"self":[{"href":"https:\/\/ceipsanfranciscocajar.es\/index.php\/wp-json\/wp\/v2\/pages\/178"}],"collection":[{"href":"https:\/\/ceipsanfranciscocajar.es\/index.php\/wp-json\/wp\/v2\/pages"}],"about":[{"href":"https:\/\/ceipsanfranciscocajar.es\/index.php\/wp-json\/wp\/v2\/types\/page"}],"author":[{"embeddable":true,"href":"https:\/\/ceipsanfranciscocajar.es\/index.php\/wp-json\/wp\/v2\/users\/1"}],"replies":[{"embeddable":true,"href":"https:\/\/ceipsanfranciscocajar.es\/index.php\/wp-json\/wp\/v2\/comments?post=178"}],"version-history":[{"count":13,"href":"https:\/\/ceipsanfranciscocajar.es\/index.php\/wp-json\/wp\/v2\/pages\/178\/revisions"}],"predecessor-version":[{"id":200,"href":"https:\/\/ceipsanfranciscocajar.es\/index.php\/wp-json\/wp\/v2\/pages\/178\/revisions\/200"}],"wp:attachment":[{"href":"https:\/\/ceipsanfranciscocajar.es\/index.php\/wp-json\/wp\/v2\/media?parent=178"}],"curies":[{"name":"wp","href":"https:\/\/api.w.org\/{rel}","templated":true}]}}